Let m = -18 - -20. Suppose 134 = u + m*i, 0*i = -u - 5*i + 122. Is (5/(-2))/(-1)*u a prime number?
False
Suppose 5*r - 39*p = -43*p + 385657, 0 = -2*r - 5*p + 154239. Is r prime?
True
Let p be (-2)/4*(-29 + 29). Suppose p = 18*i - 100165 - 50153. Is i composite?
True
Let r(q) = 188*q**2 - 205*q**2 - 3*q**3 - 20*q + 3*q**3 - q**3 + 21. Suppose 0 = -2*f - 2*z - 30, f = 2*z - 13 - 5. Is r(f) a prime number?
False
Let v be -12*(-5 + 17/4). Let f(q) = -q**2 + 21*q - 20. Let t be f(v). Suppose 0 = 2*z + 3*y - 424, 0 = 4*z + 5*y - 932 + t. Is z a prime number?
False
Let c = -40 + 43. Suppose -c*j - 30 = 2*j. Let u(a) = -2*a**3 - 10*a**2 + 7*a + 13. Is u(j) a composite number?
False
Let m(f) = 5300*f + 8143. Is m(17) composite?
True
Let v = 1060 + -82. Let g = 6415 + v. Is g a prime number?
True
Suppose 0*z - 91527 = -3*z. Suppose -2*p - 4*n + z + 23891 = 0, -3*p + 4*n = -81630. Suppose 9*t = p + 1621. Is t a prime number?
True
Suppose 15*h - 552566 = 377597 + 9422. Is h composite?
False
Is (9793 + 5 - (0 + 5))*1 a prime number?
False
Let q(z) = -z**2 - 5*z + 10. Let c be q(2). Let p(d) = -d**3 + 10*d**2 - 2. Let u be p(10). Is (2/c)/((u - 0)/124) a prime number?
True
Let v = 19570 - -213977. Is v composite?
True
Suppose -3*s = 9, 10*c - 15*c + 38 = 4*s. Suppose 82181 - 376251 = -c*y. Is y prime?
False
Let j(i) = -i**3 - 4*i**2 + 13*i + 12. Let l be j(-6). Suppose 2*m - 5467 = -3*s, 2*s - 3644 = -l*m + 5*m. Is s a prime number?
False
Suppose -2*o + 2*a = 7*a - 5, -4*o = -4*a - 24. Suppose o*b = -b - 7764. Let g = 1917 + b. Is g prime?
False
Let f = 2748957 + -537154. Is f prime?
False
Suppose -37894 - 41955 = -231*z + 83930. Let w be 1/(-5) - (-2278)/(-10). Let k = z - w. Is k prime?
True
Let g be 108/198 + 108/44. Let f be 3 - (3/(-3))/1. Suppose f*t + 4*a - 12796 = 0, 6*a = t + g*a - 3215. Is t prime?
True
Suppose 12*f + 8845 = 13*f. Suppose -f = 19*p - 24*p. Is p a prime number?
False
Let f = 1002 + -1003. Let v be (-11046)/8 + (-1)/4. Is f/(-2) + v/(-2) a composite number?
False
Let x = -24685 - -92604. Is x prime?
False
Let b be -1*(-8)/(-28) + (-44473)/(-7). Suppose -4*g = -2*t + t - 150, 5*g - t = 188. Suppose 7*d = g + b. Is d prime?
False
Let o be 150/(-6)*2/5. Let f be (-6 - 0)*5/o. Suppose h - 798 + 175 = 4*k, -f*h + k = -1902. Is h composite?
True
Let u be 16/12*-3 - -12. Suppose u*k = 56036 + 3828. Is k a composite number?
True
Suppose 19*a = 23*a - 175936. Suppose 0 = 18*r - a - 6578. Is r a prime number?
False
Suppose 8*q - 4*q = 0. Suppose q = -4*o - 0*o. Suppose 3*k - 471 = -o*k. Is k prime?
True
Suppose 3243394 = 14*z + 8*z. Is z prime?
False
Let i = 16637 - -756810. Is i a prime number?
True
Let o be (-160)/72 - (-3 + 50/18). Is ((-51942)/12 - -8)*o a prime number?
True
Is 16/160 - 1093635/(-100)*(-10)/(-15) prime?
False
Suppose -3 - 1 = 5*o - 2*i, -2*o - 3*i - 13 = 0. Is (-3 - -21029)*((-11)/o - 5) composite?
False
Let f(m) = -m**3 - 68*m**2 - 269*m - 167. Is f(-70) prime?
True
Let s be -3*((-1)/3 - 10/6). Suppose i + 19870 = s*i. Is i a prime number?
False
Suppose 32*g = 35*g - 4434. Suppose 57 = d - 4*o + 433, -3*o + g = -4*d. Let t = 591 + d. Is t a composite number?
False
Let o(p) = -43460*p + 3113. Is o(-3) a prime number?
True
Let g be (1/(-5))/((84/40)/(-21)). Let c be g - 3/(-6 + 3). Suppose 3*i + 273 + 897 = c*m, 4*m = 5*i + 1561. Is m prime?
True
Suppose 0 = -4*w + 343 + 33. Suppose w = -2*x - 60. Is (-1146)/(-14) - 11/x prime?
False
Suppose 3*r + 14 = -2*g + 30, 0 = -5*r + 4*g + 56. Suppose 0 = -3*o + 5*m + 47641, 2*o + 4*m - 31762 = r*m. Is o composite?
False
Let j(s) = 9*s**2 + 30*s - 5. Let v(w) = -8*w**2 - 28*w + 5. Let i(t) = -3*j(t) - 4*v(t). Is i(-22) a composite number?
False
Let n(t) = -t**3 - 5*t**2 - 5*t + 1. Let q be n(-1). Is (1/(q/740))/(-3 - -5) a prime number?
False
Let h = 21686 + -4593. Is h prime?
True
Suppose 240*j - 29141407 = -604919 - 5758808. Is j a composite number?
False
Let q(j) = 162*j + 4. Let z(p) = 163*p + 2. Let u(y) = 4*q(y) - 3*z(y). Let s(m) = m**3 - 5*m**2 - 6*m + 3. Let o be s(6). Is u(o) a composite number?
False
Let z = -1581812 - -2247979. Is z a prime number?
True
Let u(o) = o**3 + 13*o**2 + 9*o + 6. Suppose 0 = -5*j + 2*t - 56, 2*j + 4*t + 34 = -t. Let k(r) = r**3 + 12*r**2 + 2*r + 13. Let m be k(j). Is u(m) composite?
False
Suppose -5*o + 1374007 = -2*k, 5*o - 1374010 = -281*k + 286*k. Is o prime?
False
Let o(g) = -187*g**2 + 49*g - 12. Let v be o(11). Let m = -9307 - v. Is m a prime number?
False
Suppose 18*i - 15*i + 2*s = 837919, 3*i = 2*s + 837947. Is i a composite number?
False
Let y(k) = 2*k - 2. Let u be y(2). Suppose 0*o + 3*o - 3*p - 5043 = 0, u*p = -o + 1666. Suppose -o = -5*q + q. Is q a prime number?
True
Is 8835792/15 + -8 - (1/5)/(-1) a composite number?
True
Suppose -6*a + 45 = -a. Let h = a + -34. Let l = h + 1228. Is l prime?
False
Let i(n) = n**3 - 24*n**2 + 45*n - 8. Let q be i(22). Let h(k) be the first derivative of k**4/4 - 13*k**3/3 - k**2 + 23*k + 1. Is h(q) prime?
True
Let l(p) be the third derivative of p**4/8 + 3*p**3/2 - 4*p**2. Let f be l(-2). Suppose 5*o - 1452 = -4*i, -f*i + o = -851 - 219. Is i prime?
False
Let d(b) be the first derivative of 225*b**2 - 61*b + 128. Is d(2) composite?
False
Let m be (10 - 9) + -1*19. Is (18/m)/(2/(-2518)) prime?
True
Suppose -2*x + 4*c = 2*c - 16, -3*x - 2*c - 1 = 0. Suppose -5*p = 4*f - 1901, x*f + f = -4. Is p a composite number?
True
Is (631/4)/((1714/(-856) + 2)/(-1)) a prime number?
False
Suppose -9209101 + 25679896 = 96*f - 63*f. Is f composite?
True
Let q(v) = -v**3 - 26*v**2 - 592*v - 578. Is q(-95) prime?
False
Suppose -15*z + 15 = 30. Let g(i) = -19854*i**3 - 4*i**2 + 5*i + 8. Is g(z) prime?
True
Let k(q) = -14*q**2 - 33*q + 117134. Is k(0) prime?
False
Is (156/288*58868 - -3)/(2/12) a prime number?
True
Let o(r) = 9*r**3 - 9*r - 8. Let m be o(-9). Let w = -15127 - m. Let y = -5800 - w. Is y a prime number?
False
Let q(u) = -58*u**3 + 18*u**2 - 5*u + 6. Let t be q(-5). Suppose j = -4*a + t, -3*j + 6*a = 2*a - 23161. Is j composite?
False
Suppose -5*j - 2390 = 3*o - 6132, -3*o = -4*j - 3778. Suppose 10*x - o = 726. Let y = x + 269. Is y composite?
False
Suppose 2*l + 3*l - 16 = b, -2*l = -4. Let s(x) = 67*x**2 + 8*x - 5. Is s(b) prime?
False
Let d = -82459 + 659282. Is d a composite number?
True
Is 540978 + 12/(-8)*(-22)/3 composite?
False
Suppose 0 = -2*v - 5*h + 600482, h - 1251 = -1243. Is v composite?
False
Suppose 5*a + 15 = 0, -18*a = 2*h - 16*a + 16. Is 1207 - 5/(-7 + 2) - h prime?
True
Suppose -8*m + 13*m - 225 = 0. Suppose -15*i = -10*i + m. Let l(t) = -13*t - 20. Is l(i) a prime number?
True
Let p = -38 - -41. Suppose -1116 - 1321 = -5*w - p*k, 4*w - 1950 = -2*k. Let s = w - 214. Is s composite?
True
Is ((-3108172)/(-190))/(8/20) a prime number?
True
Let w(b) be the second derivative of b**4/12 - 5*b**3/6 - b**2 - 2*b. Let j be w(5). Is (-3 + -419)/(3/(9/j)) prime?
False
Let s(l) = l**3 + 10*l**2 + 10*l + 9. Let w be s(-9). Suppose w = 24*o - 23*o + 220. Let y = 301 - o. Is y a composite number?
False
Suppose -3*y - 5736719 + 17481995 = h, -5*y = 2*h - 19575457. Is y a composite number?
True
Let t(c) = -8*c**3 + 3*c**2 - 2*c - 3. Let k be t(-1). Is k/240*9 - (-37322)/16 a composite number?
False
Let l = -647 + 2375. Let v = 2987 - l. Is v composite?
False
Suppose 214*s - 9146763 - 3947255 = 0. Is s a composite number?
True
Let z = 79 + -132. Let c = 48 + z. Let g = 8 - c. Is g composite?
False
Let t(m) = -54*m**3 - 12*m**2 + 393*m - 86. Is t(-27) a prime number?
False
Suppose -35 + 15 = 4*u. Let h(j) = -j**2 - 5*j + 2. Let d be h(u). Suppose -2*f = d*f + 4, 5*z - 2*f = 2097. Is z composite?
False
Suppose 4*j + m - 34 = -1, -4*m = 5*j - 44. Let r(z) = 19*z**2 - 12*z - 29. Is r(j) a prime number?
True
Let a(o) = 2*o**3 + 8*o**2 - 19*o + 58. Let l be a(-12). Let x = l - -3541. Is x composite?
False
Let g(z) = z**3 + 24*z**2 - 27*z + 15. Suppose 4*v - 9 = v. Suppose -v*j = -0*a + 2*a + 65, a + 20 = j. Is g(a) prime?
False
Let p be ((-13)/(325/(-270)))/((-4)/(-10)). Suppose -3*r = -p*r + 27624. Is r prime?
True
Let r(p) = 2854*p**3 + p**2 - 169*p + 611. Is r(4) prime?
False
Let t(k) = -17*k**3 + 11*k**2 + 146*k + 13. Is t(-9) a prime number?
False
Suppose 5717 = 4*j + 293. Let f = j - 617. Is f p